23, 151
What are the prime factors of 1246?
2, 7, 89
What are the prime factors of 15008?
2, 7, 67
List the prime factors of 865.
5, 173
List the prime factors of 6303.
3, 11, 191
List the prime factors of 58515.
3, 5, 47, 83
What are the prime factors of 5891?
43, 137
What are the prime factors of 3176?
2, 397
List the prime factors of 21066.
2, 3, 3511
List the prime factors of 2699.
2699
What are the prime factors of 2360?
2, 5, 59
List the prime factors of 22257.
3, 2473
List the prime factors of 4066.
2, 19, 107
List the prime factors of 1615.
5, 17, 19
What are the prime factors of 830?
2, 5, 83
What are the prime factors of 18482?
2, 9241
What are the prime factors of 6804?
2, 3, 7
List the prime factors of 1446.
2, 3, 241
What are the prime factors of 22498?
2, 7, 1607
List the prime factors of 2919.
3, 7, 139
List the prime factors of 4.
2
What are the prime factors of 6950?
2, 5, 139
What are the prime factors of 662?
2, 331
List the prime factors of 4401.
3, 163
List the prime factors of 971.
971
List the prime factors of 7875.
3, 5, 7
What are the prime factors of 19268?
2, 4817
List the prime factors of 1079.
13, 83
List the prime factors of 394.
2, 197
What are the prime factors of 145279?
131, 1109
List the prime factors of 44335.
5, 8867
List the prime factors of 1555.
5, 311
What are the prime factors of 32449?
37, 877
List the prime factors of 1346.
2, 673
What are the prime factors of 133591?
103, 1297
List the prime factors of 61130.
2, 5, 6113
What are the prime factors of 14726?
2, 37, 199
What are the prime factors of 2080?
2, 5, 13
What are the prime factors of 562?
2, 281
List the prime factors of 8747.
8747
List the prime factors of 5508.
2, 3, 17
What are the prime factors of 4701?
3, 1567
List the prime factors of 29005.
5, 5801
What are the prime factors of 29267?
7, 37, 113
What are the prime factors of 3808?
2, 7, 17
What are the prime factors of 1191?
3, 397
What are the prime factors of 52039?
13, 4003
What are the prime factors of 48847?
48847
What are the prime factors of 2185?
5, 19, 23
List the prime factors of 15108.
2, 3, 1259
List the prime factors of 7335.
3, 5, 163
What are the prime factors of 1851?
3, 617
List the prime factors of 2900.
2, 5, 29
What are the prime factors of 24369?
3, 8123
What are the prime factors of 859?
859
What are the prime factors of 732?
2, 3, 61
List the prime factors of 1189.
29, 41
What are the prime factors of 65651?
65651
What are the prime factors of 3448?
2, 431
What are the prime factors of 6325?
5, 11, 23
List the prime factors of 23089.
11, 2099
List the prime factors of 988.
2, 13, 19
What are the prime factors of 29214?
2, 3, 541
List the prime factors of 1382.
2, 691
List the prime factors of 8799.
3, 7, 419
List the prime factors of 188231.
41, 4591
What are the prime factors of 59436?
2, 3, 13, 127
List the prime factors of 26918.
2, 43, 313
What are the prime factors of 8925?
3, 5, 7, 17
What are the prime factors of 2604?
2, 3, 7, 31
What are the prime factors of 15996?
2, 3, 31, 43
What are the prime factors of 44967?
3, 13, 1153
What are the prime factors of 458?
2, 229
List the prime factors of 1152.
2, 3
What are the prime factors of 10068?
2, 3, 839
What are the prime factors of 194?
2, 97
What are the prime factors of 3025?
5, 11
List the prime factors of 2398.
2, 11, 109
What are the prime factors of 52940?
2, 5, 2647
List the prime factors of 98688.
2, 3, 257
List the prime factors of 332.
2, 83
What are the prime factors of 26722?
2, 31, 431
What are the prime factors of 70349?
103, 683
What are the prime factors of 504?
2, 3, 7
What are the prime factors of 208186?
2, 11, 9463
List the prime factors of 49174.
2, 23, 1069
List the prime factors of 7856.
2, 491
What are the prime factors of 100?
2, 5
List the prime factors of 1897.
7, 271
List the prime factors of 542.
2, 271
List the prime factors of 10388.
2, 7, 53
What are the prime factors of 136916?
2, 13, 2633
List the prime factors of 4832.
2, 151
List the prime factors of 1583.
1583
List the prime factors of 996.
2, 3, 83
List the prime factors of 87623.
87623
What are the prime factors of 2215?
5, 443
List the prime factors of 41914.
2, 19, 1103
List the prime factors of 14701.
61, 241
List the prime factors of 80.
2, 5
What are the prime factors of 5994?
2, 3, 37
What are the prime factors of 35707?
7, 5101
List the prime factors of 133606.
2, 11, 6073
What are the prime factors of 185285?
5, 37057
List the prime factors of 1275.
3, 5, 17
List the prime factors of 17979.
3, 13, 461
List the prime factors of 42208.
2, 1319
What are the prime factors of 10887?
3, 19, 191
List the prime factors of 19798.
2, 19, 521
What are the prime factors of 4385?
5, 877
List the prime factors of 180.
2, 3, 5
What are the prime factors of 2376?
2, 3, 11
What are the prime factors of 11648?
2, 7, 13
What are the prime factors of 3465?
3, 5, 7, 11
What are the prime factors of 26442?
2, 3, 13, 113
What are the prime factors of 475?
5, 19
What are the prime factors of 63148?
2, 15787
List the prime factors of 6095.
5, 23, 53
List the prime factors of 16018.
2, 8009
List the prime factors of 8694.
2, 3, 7, 23
List the prime factors of 6057.
3, 673
List the prime factors of 11827.
11827
What are the prime factors of 901?
17, 53
What are the prime factors of 4478?
2, 2239
What are the prime factors of 1011?
3, 337
List the prime factors of 297.
3, 11
List the prime factors of 10211.
10211
List the prime factors of 918.
2, 3, 17
What are the prime factors of 15485?
5, 19, 163
What are the prime factors of 8129?
11, 739
List the prime factors of 1693.
1693
What are the prime factors of 2737?
7, 17, 23
What are the prime factors of 36945?
3, 5, 821
List the prime factors of 14185.
5, 2837
What are the prime factors of 5545?
5, 1109
What are the prime factors of 38466?
2, 3, 2137
List the prime factors of 25879.
7, 3697
What are the prime factors of 7516?
2, 1879
What are the prime factors of 11804?
2, 13, 227
What are the prime factors of 31462?
2, 15731
What are the prime factors of 369?
3, 41
List the prime factors of 4288.
2, 67
List the prime factors of 410.
2, 5, 41
What are the prime factors of 381?
3, 127
What are the prime factors of 3724?
2, 7, 19
What are the prime factors of 4240?
2, 5, 53
List the prime factors of 23389.
19, 1231
What are the prime factors of 2665?
5, 13, 41
What are the prime factors of 7831?
41, 191
List the prime factors of 2445.
3, 5, 163
List the prime factors of 697.
17, 41
List the prime factors of 19631.
67, 293
List the prime factors of 6126.
2, 3, 1021
List the prime factors of 3448.
2, 431
List the prime factors of 2184.
2, 3, 7, 13
What are the prime factors of 41465?
5, 8293
What are the prime factors of 9542?
2, 13, 367
What are the prime factors of 110?
2, 5, 11
What are the prime factors of 38915?
5, 43, 181
List the prime factors of 842.
2, 421
List the prime factors of 18125.
5, 29
List the prime factors of 23152.
2, 1447
List the prime factors of 4626.
2, 3, 257
What are the prime factors of 16496?
2, 1031
What are the prime factors of 4959?
3, 19, 29
List the prime factors of 5366.
2, 2683
What are the prime factors of 8946?
2, 3, 7, 71
List the prime factors of 4204.
2, 1051
What are the prime factors of 1122?
2, 3, 11, 17
List the prime factors of 26886.
2, 3, 4481
What are the prime factors of 7329?
3, 7, 349
What are the prime factors of 31916?
2, 79, 101
List the prime factors of 24455.
5, 67, 73
What are the prime factors of 19409?
13, 1493
What are the prime factors of 38859?
3, 12953
List the prime factors of 5772.
2, 3, 13, 37
List the prime factors of 11551.
11551
What are the prime factors of 76?
2, 19
List the prime factors of 145752.
2, 3, 6073
List the prime factors of 9141.
3, 11, 277
List the prime factors of 2339.
2339
What are the prime factors of 38454?
2, 3, 13, 17, 29
List the prime factors of 26.
2, 13
List the prime factors of 85044.
2, 3, 19, 373
What are the prime factors of 9000?
2, 3, 5
List the prime factors of 2605.
5, 521
List the prime factors of 82266.
2, 3, 13711
What are the prime factors of 1351?
7, 193
List the prime factors of 1073.
29, 37
List the prime factors of 455.
5, 7, 13
What are the prime factors of 36626?
2, 18313
Wha